{"id":45,"date":"2025-04-29T21:36:04","date_gmt":"2025-04-29T21:36:04","guid":{"rendered":"https:\/\/horusconsultoria.com\/blog\/?page_id=45"},"modified":"2025-07-16T18:13:52","modified_gmt":"2025-07-16T18:13:52","slug":"hfc","status":"publish","type":"page","link":"https:\/\/horusconsultoria.com\/blog\/hfc\/","title":{"rendered":"HFC &#8211; HORUS Forma\u00e7\u00e3o de Consultores"},"content":{"rendered":"<section  class='av_textblock_section av-macslpms-900b04df387af5e84156b6215b055828'  itemscope=\"itemscope\" itemtype=\"https:\/\/schema.org\/CreativeWork\" ><div class='avia_textblock'  itemprop=\"text\" ><h1 class=\"main-title entry-title \" style=\"text-align: center;\"><a title=\"Link permanente: HFC \u2013 HORUS Forma\u00e7\u00e3o de Consultores\" href=\"https:\/\/horusconsultoria.com\/blog\/hfc\/\" rel=\"bookmark\">HFC<br \/>\nHORUS Forma\u00e7\u00e3o de Consultores<\/a><\/h1>\n<p>Quantos anos de experi\u00eancia voc\u00ea ainda vai deixar adormecidos em um mercado carente de especialistas?<\/p>\n<p>Se voc\u00ea tem 10 anos de experi\u00eancia e resultados entregues, o que est\u00e1 esperando para se tornar um(a) consultor(a) com vis\u00e3o e m\u00e9todo, conquistando autoridade, reconhecimento e sendo remunerado por isso ?<\/p>\n<p>Ajudamos gestores e t\u00e9cnicos com mais de 10 anos de experi\u00eancia na ind\u00fastria ou servi\u00e7os, a conquistar liberdade financeira, geogr\u00e1fica e de tempo com ganhos mensais que podem superar os 100k, atuando como consultores organizacionais, com estilo e ritmo pr\u00f3prios, seguran\u00e7a e autoridade.<\/p>\n<p>Para saber mais, clique em <a href=\"http:\/\/www.horusconsultoria.com\/hfc\">www.horusconsultoria.com\/hfc<\/a> ou nos chame no Whats App 21 9 7265 3364<\/p>\n<\/div><\/section>\n<div  class='hr av-15pqd-0b101818448d3174db1b32b5cd1d7f5e hr-default  avia-builder-el-1  el_after_av_textblock  el_before_av_magazine '><span class='hr-inner '><span class=\"hr-inner-style\"><\/span><\/span><\/div>\n<div  id=\"avia-magazine-1\"  class='av-magazine av-macsmedk-d660df9d63b9ad9d3313b382433aa100 av-magazine-top-bar-active av-magazine-hero-top av-magazine-tabs-active  avia-builder-el-2  el_after_av_hr  avia-builder-el-last   avia-builder-el-2  el_after_av_hr  avia-builder-el-last ' ><div class='av-magazine-top-bar '><\/div><div class='av-magazine-group sort_all'><div class='av-magazine-hero first '><article class='av-magazine-entry av-magazine-entry-id-427 av-magazine-format-standard av-magazine-type-post av-magazine-entry-1 av-magazine-entry-big '  itemscope=\"itemscope\" itemtype=\"https:\/\/schema.org\/CreativeWork\" ><div class=\"av-magazine-thumbnail\"><a href='https:\/\/horusconsultoria.com\/blog\/as-4-soft-skills-essenciais-que-todo-consultor-precisa-dominar-alem-da-tecnica\/' title='Link to: As 4 Soft Skills Essenciais que Todo Consultor Precisa Dominar (Al\u00e9m da T\u00e9cnica)' class='av-magazine-thumbnail-link'><img decoding=\"async\" width=\"207\" height=\"207\" src=\"https:\/\/horusconsultoria.com\/blog\/wp-content\/uploads\/2026\/03\/Skills-2.jpg\" class=\"wp-image-434 avia-img-lazy-loading-not-434 attachment-magazine size-magazine wp-post-image\" alt=\"\" srcset=\"https:\/\/horusconsultoria.com\/blog\/wp-content\/uploads\/2026\/03\/Skills-2.jpg 207w, https:\/\/horusconsultoria.com\/blog\/wp-content\/uploads\/2026\/03\/Skills-2-150x150.jpg 150w, https:\/\/horusconsultoria.com\/blog\/wp-content\/uploads\/2026\/03\/Skills-2-36x36.jpg 36w, https:\/\/horusconsultoria.com\/blog\/wp-content\/uploads\/2026\/03\/Skills-2-180x180.jpg 180w\" sizes=\"(max-width: 207px) 100vw, 207px\" \/><\/a><\/div><div class=\"av-magazine-content-wrap\"><header class=\"entry-content-header\"><time class='av-magazine-time updated'  itemprop=\"datePublished\" datetime=\"2026-03-17T20:34:15+00:00\" >17\/03\/2026<\/time><span class=\"av-magazine-author-wrap\"><span class=\"av-magazine-text-sep text-sep-date\">\/<\/span><span class=\"av-magazine-author minor-meta\">por <span class=\"av-magazine-author-link\"  itemprop=\"author\" ><span class=\"av-magazine-author meta-color author\"><span class=\"fn\"><a href=\"https:\/\/horusconsultoria.com\/blog\/author\/josi\/\" title=\"por Josiane Avila\" rel=\"author\">Josiane Avila<\/a><\/span><\/span><\/span><\/span><\/span><span class=\"av-magazine-cats-wrap\"><span class=\"av-magazine-text-sep text-sep-cats\">In<\/span><span class=\"av-magazine-cats minor-meta\"><a href=\"https:\/\/horusconsultoria.com\/blog\/category\/destaques\/\" rel=\"tag\">Destaques<\/a>, <a href=\"https:\/\/horusconsultoria.com\/blog\/category\/formacao-de-consultores\/\" rel=\"tag\">HFC<\/a> <\/span><\/span><h3 class='av-magazine-title entry-title '  itemprop=\"headline\" ><a href='https:\/\/horusconsultoria.com\/blog\/as-4-soft-skills-essenciais-que-todo-consultor-precisa-dominar-alem-da-tecnica\/' title='Link to: As 4 Soft Skills Essenciais que Todo Consultor Precisa Dominar (Al\u00e9m da T\u00e9cnica)'>As 4 Soft Skills Essenciais que Todo Consultor Precisa Dominar (Al\u00e9m da T\u00e9cnica)<\/a><\/h3><\/header><\/div><footer class=\"entry-footer\"><\/footer><\/article><\/div><div class='av-magazine-sideshow '><article class='av-magazine-entry av-magazine-entry-id-418 av-magazine-format-standard av-magazine-type-post av-magazine-entry-2 av-magazine-entry-small '  itemscope=\"itemscope\" itemtype=\"https:\/\/schema.org\/CreativeWork\" ><div class=\"av-magazine-thumbnail\"><a href='https:\/\/horusconsultoria.com\/blog\/por-que-tecnica-nao-e-tudo-como-se-tornar-um-consultor-de-elite-por-meio-do-autoconhecimento\/' title='Link to: Por que T\u00e9cnica N\u00e3o \u00e9 Tudo? Como se Tornar um Consultor de Elite por meio do Autoconhecimento' class='av-magazine-thumbnail-link'><img decoding=\"async\" width=\"150\" height=\"150\" src=\"https:\/\/horusconsultoria.com\/blog\/wp-content\/uploads\/2026\/03\/MOTTOLA-CAPA-VIDEO-LONGO-04-1-150x150.png\" class=\"wp-image-421 avia-img-lazy-loading-not-421 attachment-thumbnail size-thumbnail wp-post-image\" alt=\"\" srcset=\"https:\/\/horusconsultoria.com\/blog\/wp-content\/uploads\/2026\/03\/MOTTOLA-CAPA-VIDEO-LONGO-04-1-150x150.png 150w, https:\/\/horusconsultoria.com\/blog\/wp-content\/uploads\/2026\/03\/MOTTOLA-CAPA-VIDEO-LONGO-04-1-300x300.png 300w, https:\/\/horusconsultoria.com\/blog\/wp-content\/uploads\/2026\/03\/MOTTOLA-CAPA-VIDEO-LONGO-04-1-36x36.png 36w, https:\/\/horusconsultoria.com\/blog\/wp-content\/uploads\/2026\/03\/MOTTOLA-CAPA-VIDEO-LONGO-04-1-180x180.png 180w, https:\/\/horusconsultoria.com\/blog\/wp-content\/uploads\/2026\/03\/MOTTOLA-CAPA-VIDEO-LONGO-04-1-705x705.png 705w, https:\/\/horusconsultoria.com\/blog\/wp-content\/uploads\/2026\/03\/MOTTOLA-CAPA-VIDEO-LONGO-04-1.png 750w\" sizes=\"(max-width: 150px) 100vw, 150px\" \/><\/a><\/div><div class=\"av-magazine-content-wrap\"><header class=\"entry-content-header\"><time class='av-magazine-time updated'  itemprop=\"datePublished\" datetime=\"2026-03-03T20:13:15+00:00\" >03\/03\/2026<\/time><span class=\"av-magazine-author-wrap\"><span class=\"av-magazine-text-sep text-sep-date\">\/<\/span><span class=\"av-magazine-author minor-meta\">por <span class=\"av-magazine-author-link\"  itemprop=\"author\" ><span class=\"av-magazine-author meta-color author\"><span class=\"fn\"><a href=\"https:\/\/horusconsultoria.com\/blog\/author\/josi\/\" title=\"por Josiane Avila\" rel=\"author\">Josiane Avila<\/a><\/span><\/span><\/span><\/span><\/span><span class=\"av-magazine-cats-wrap\"><span class=\"av-magazine-text-sep text-sep-cats\">In<\/span><span class=\"av-magazine-cats minor-meta\"><a href=\"https:\/\/horusconsultoria.com\/blog\/category\/destaques\/\" rel=\"tag\">Destaques<\/a>, <a href=\"https:\/\/horusconsultoria.com\/blog\/category\/formacao-de-consultores\/\" rel=\"tag\">HFC<\/a> <\/span><\/span><h3 class='av-magazine-title entry-title '  itemprop=\"headline\" ><a href='https:\/\/horusconsultoria.com\/blog\/por-que-tecnica-nao-e-tudo-como-se-tornar-um-consultor-de-elite-por-meio-do-autoconhecimento\/' title='Link to: Por que T\u00e9cnica N\u00e3o \u00e9 Tudo? Como se Tornar um Consultor de Elite por meio do Autoconhecimento'>Por que T\u00e9cnica N\u00e3o \u00e9 Tudo? Como se Tornar um Consultor de Elite por meio do Autoconhecimento<\/a><\/h3><\/header><\/div><footer class=\"entry-footer\"><\/footer><\/article><article class='av-magazine-entry av-magazine-entry-id-371 av-magazine-format-standard av-magazine-type-post av-magazine-entry-3 av-magazine-entry-small '  itemscope=\"itemscope\" itemtype=\"https:\/\/schema.org\/CreativeWork\" ><div class=\"av-magazine-thumbnail\"><a href='https:\/\/horusconsultoria.com\/blog\/empresas-buscam-especialistas-como-voce\/' title='Link to: Empresas Buscam Especialistas como Voc\u00ea' class='av-magazine-thumbnail-link'><img decoding=\"async\" width=\"150\" height=\"150\" src=\"https:\/\/horusconsultoria.com\/blog\/wp-content\/uploads\/2026\/01\/MOTTOLA-CAPA-VIDEO-LONGO-03-1-150x150.png\" class=\"wp-image-374 avia-img-lazy-loading-not-374 attachment-thumbnail size-thumbnail wp-post-image\" alt=\"\" srcset=\"https:\/\/horusconsultoria.com\/blog\/wp-content\/uploads\/2026\/01\/MOTTOLA-CAPA-VIDEO-LONGO-03-1-150x150.png 150w, https:\/\/horusconsultoria.com\/blog\/wp-content\/uploads\/2026\/01\/MOTTOLA-CAPA-VIDEO-LONGO-03-1-300x300.png 300w, https:\/\/horusconsultoria.com\/blog\/wp-content\/uploads\/2026\/01\/MOTTOLA-CAPA-VIDEO-LONGO-03-1-768x768.png 768w, https:\/\/horusconsultoria.com\/blog\/wp-content\/uploads\/2026\/01\/MOTTOLA-CAPA-VIDEO-LONGO-03-1-36x36.png 36w, https:\/\/horusconsultoria.com\/blog\/wp-content\/uploads\/2026\/01\/MOTTOLA-CAPA-VIDEO-LONGO-03-1-180x180.png 180w, https:\/\/horusconsultoria.com\/blog\/wp-content\/uploads\/2026\/01\/MOTTOLA-CAPA-VIDEO-LONGO-03-1-705x705.png 705w, https:\/\/horusconsultoria.com\/blog\/wp-content\/uploads\/2026\/01\/MOTTOLA-CAPA-VIDEO-LONGO-03-1.png 1000w\" sizes=\"(max-width: 150px) 100vw, 150px\" \/><\/a><\/div><div class=\"av-magazine-content-wrap\"><header class=\"entry-content-header\"><time class='av-magazine-time updated'  itemprop=\"datePublished\" datetime=\"2026-01-20T13:49:28+00:00\" >20\/01\/2026<\/time><span class=\"av-magazine-author-wrap\"><span class=\"av-magazine-text-sep text-sep-date\">\/<\/span><span class=\"av-magazine-author minor-meta\">por <span class=\"av-magazine-author-link\"  itemprop=\"author\" ><span class=\"av-magazine-author meta-color author\"><span class=\"fn\"><a href=\"https:\/\/horusconsultoria.com\/blog\/author\/josi\/\" title=\"por Josiane Avila\" rel=\"author\">Josiane Avila<\/a><\/span><\/span><\/span><\/span><\/span><span class=\"av-magazine-cats-wrap\"><span class=\"av-magazine-text-sep text-sep-cats\">In<\/span><span class=\"av-magazine-cats minor-meta\"><a href=\"https:\/\/horusconsultoria.com\/blog\/category\/destaques\/\" rel=\"tag\">Destaques<\/a>, <a href=\"https:\/\/horusconsultoria.com\/blog\/category\/formacao-de-consultores\/\" rel=\"tag\">HFC<\/a> <\/span><\/span><h3 class='av-magazine-title entry-title '  itemprop=\"headline\" ><a href='https:\/\/horusconsultoria.com\/blog\/empresas-buscam-especialistas-como-voce\/' title='Link to: Empresas Buscam Especialistas como Voc\u00ea'>Empresas Buscam Especialistas como Voc\u00ea<\/a><\/h3><\/header><\/div><footer class=\"entry-footer\"><\/footer><\/article><article class='av-magazine-entry av-magazine-entry-id-346 av-magazine-format-standard av-magazine-type-post av-magazine-entry-4 av-magazine-entry-small '  itemscope=\"itemscope\" itemtype=\"https:\/\/schema.org\/CreativeWork\" ><div class=\"av-magazine-thumbnail\"><a href='https:\/\/horusconsultoria.com\/blog\/cansado-do-clt-a-consultoria-pode-ser-sua-virada-de-chave-explore-o-potencial-de-ganhos-e-a-liberdade-de-ser-seu-proprio-chefe-como-consultor\/' title='Link to: Cansado do CLT? A consultoria pode ser sua virada de chave. Explore o potencial de ganhos e a liberdade de ser seu pr\u00f3prio chefe como consultor.' class='av-magazine-thumbnail-link'><img decoding=\"async\" width=\"150\" height=\"150\" src=\"https:\/\/horusconsultoria.com\/blog\/wp-content\/uploads\/2026\/01\/MOTTOLA-CAPA-VIDEO-LONGO-02-1-150x150.png\" class=\"wp-image-349 avia-img-lazy-loading-not-349 attachment-thumbnail size-thumbnail wp-post-image\" alt=\"\" srcset=\"https:\/\/horusconsultoria.com\/blog\/wp-content\/uploads\/2026\/01\/MOTTOLA-CAPA-VIDEO-LONGO-02-1-150x150.png 150w, https:\/\/horusconsultoria.com\/blog\/wp-content\/uploads\/2026\/01\/MOTTOLA-CAPA-VIDEO-LONGO-02-1-300x300.png 300w, https:\/\/horusconsultoria.com\/blog\/wp-content\/uploads\/2026\/01\/MOTTOLA-CAPA-VIDEO-LONGO-02-1-768x768.png 768w, https:\/\/horusconsultoria.com\/blog\/wp-content\/uploads\/2026\/01\/MOTTOLA-CAPA-VIDEO-LONGO-02-1-36x36.png 36w, https:\/\/horusconsultoria.com\/blog\/wp-content\/uploads\/2026\/01\/MOTTOLA-CAPA-VIDEO-LONGO-02-1-180x180.png 180w, https:\/\/horusconsultoria.com\/blog\/wp-content\/uploads\/2026\/01\/MOTTOLA-CAPA-VIDEO-LONGO-02-1-705x705.png 705w, https:\/\/horusconsultoria.com\/blog\/wp-content\/uploads\/2026\/01\/MOTTOLA-CAPA-VIDEO-LONGO-02-1.png 800w\" sizes=\"(max-width: 150px) 100vw, 150px\" \/><\/a><\/div><div class=\"av-magazine-content-wrap\"><header class=\"entry-content-header\"><time class='av-magazine-time updated'  itemprop=\"datePublished\" datetime=\"2026-01-12T19:32:56+00:00\" >12\/01\/2026<\/time><span class=\"av-magazine-author-wrap\"><span class=\"av-magazine-text-sep text-sep-date\">\/<\/span><span class=\"av-magazine-author minor-meta\">por <span class=\"av-magazine-author-link\"  itemprop=\"author\" ><span class=\"av-magazine-author meta-color author\"><span class=\"fn\"><a href=\"https:\/\/horusconsultoria.com\/blog\/author\/josi\/\" title=\"por Josiane Avila\" rel=\"author\">Josiane Avila<\/a><\/span><\/span><\/span><\/span><\/span><span class=\"av-magazine-cats-wrap\"><span class=\"av-magazine-text-sep text-sep-cats\">In<\/span><span class=\"av-magazine-cats minor-meta\"><a href=\"https:\/\/horusconsultoria.com\/blog\/category\/destaques\/\" rel=\"tag\">Destaques<\/a>, <a href=\"https:\/\/horusconsultoria.com\/blog\/category\/formacao-de-consultores\/\" rel=\"tag\">HFC<\/a> <\/span><\/span><h3 class='av-magazine-title entry-title '  itemprop=\"headline\" ><a href='https:\/\/horusconsultoria.com\/blog\/cansado-do-clt-a-consultoria-pode-ser-sua-virada-de-chave-explore-o-potencial-de-ganhos-e-a-liberdade-de-ser-seu-proprio-chefe-como-consultor\/' title='Link to: Cansado do CLT? A consultoria pode ser sua virada de chave. Explore o potencial de ganhos e a liberdade de ser seu pr\u00f3prio chefe como consultor.'>Cansado do CLT? A consultoria pode ser sua virada de chave. Explore o potencial de ganhos e a liberdade de ser seu pr\u00f3prio chefe como consultor.<\/a><\/h3><\/header><\/div><footer class=\"entry-footer\"><\/footer><\/article><article class='av-magazine-entry av-magazine-entry-id-319 av-magazine-format-standard av-magazine-type-post av-magazine-entry-5 av-magazine-entry-small '  itemscope=\"itemscope\" itemtype=\"https:\/\/schema.org\/CreativeWork\" ><div class=\"av-magazine-thumbnail\"><a href='https:\/\/horusconsultoria.com\/blog\/%f0%9f%92%a1-sua-experiencia-vale-ouro-ja-pensou-em-ser-consultor\/' title='Link to: \ud83d\udca1 Sua Experi\u00eancia Vale Ouro: J\u00e1 Pensou em Ser Consultor?' class='av-magazine-thumbnail-link'><img decoding=\"async\" width=\"150\" height=\"150\" src=\"https:\/\/horusconsultoria.com\/blog\/wp-content\/uploads\/2025\/04\/Design-sem-nome-51-150x150.png\" class=\"wp-image-101 avia-img-lazy-loading-not-101 attachment-thumbnail size-thumbnail wp-post-image\" alt=\"\" srcset=\"https:\/\/horusconsultoria.com\/blog\/wp-content\/uploads\/2025\/04\/Design-sem-nome-51-150x150.png 150w, https:\/\/horusconsultoria.com\/blog\/wp-content\/uploads\/2025\/04\/Design-sem-nome-51-300x300.png 300w, https:\/\/horusconsultoria.com\/blog\/wp-content\/uploads\/2025\/04\/Design-sem-nome-51-36x36.png 36w, https:\/\/horusconsultoria.com\/blog\/wp-content\/uploads\/2025\/04\/Design-sem-nome-51-180x180.png 180w, https:\/\/horusconsultoria.com\/blog\/wp-content\/uploads\/2025\/04\/Design-sem-nome-51.png 500w\" sizes=\"(max-width: 150px) 100vw, 150px\" \/><\/a><\/div><div class=\"av-magazine-content-wrap\"><header class=\"entry-content-header\"><time class='av-magazine-time updated'  itemprop=\"datePublished\" datetime=\"2025-11-03T13:11:52+00:00\" >03\/11\/2025<\/time><span class=\"av-magazine-author-wrap\"><span class=\"av-magazine-text-sep text-sep-date\">\/<\/span><span class=\"av-magazine-author minor-meta\">por <span class=\"av-magazine-author-link\"  itemprop=\"author\" ><span class=\"av-magazine-author meta-color author\"><span class=\"fn\"><a href=\"https:\/\/horusconsultoria.com\/blog\/author\/josi\/\" title=\"por Josiane Avila\" rel=\"author\">Josiane Avila<\/a><\/span><\/span><\/span><\/span><\/span><span class=\"av-magazine-cats-wrap\"><span class=\"av-magazine-text-sep text-sep-cats\">In<\/span><span class=\"av-magazine-cats minor-meta\"><a href=\"https:\/\/horusconsultoria.com\/blog\/category\/destaques\/\" rel=\"tag\">Destaques<\/a>, <a href=\"https:\/\/horusconsultoria.com\/blog\/category\/formacao-de-consultores\/\" rel=\"tag\">HFC<\/a>, <a href=\"https:\/\/horusconsultoria.com\/blog\/category\/newsletters\/\" rel=\"tag\">Newsletters<\/a> <\/span><\/span><h3 class='av-magazine-title entry-title '  itemprop=\"headline\" ><a href='https:\/\/horusconsultoria.com\/blog\/%f0%9f%92%a1-sua-experiencia-vale-ouro-ja-pensou-em-ser-consultor\/' title='Link to: \ud83d\udca1 Sua Experi\u00eancia Vale Ouro: J\u00e1 Pensou em Ser Consultor?'>\ud83d\udca1 Sua Experi\u00eancia Vale Ouro: J\u00e1 Pensou em Ser Consultor?<\/a><\/h3><\/header><\/div><footer class=\"entry-footer\"><\/footer><\/article><\/div><\/div><\/div>\n","protected":false},"excerpt":{"rendered":"","protected":false},"author":1,"featured_media":0,"parent":0,"menu_order":0,"comment_status":"closed","ping_status":"closed","template":"","meta":{"footnotes":""},"class_list":["post-45","page","type-page","status-publish","hentry"],"_links":{"self":[{"href":"https:\/\/horusconsultoria.com\/blog\/wp-json\/wp\/v2\/pages\/45","targetHints":{"allow":["GET"]}}],"collection":[{"href":"https:\/\/horusconsultoria.com\/blog\/wp-json\/wp\/v2\/pages"}],"about":[{"href":"https:\/\/horusconsultoria.com\/blog\/wp-json\/wp\/v2\/types\/page"}],"author":[{"embeddable":true,"href":"https:\/\/horusconsultoria.com\/blog\/wp-json\/wp\/v2\/users\/1"}],"replies":[{"embeddable":true,"href":"https:\/\/horusconsultoria.com\/blog\/wp-json\/wp\/v2\/comments?post=45"}],"version-history":[{"count":7,"href":"https:\/\/horusconsultoria.com\/blog\/wp-json\/wp\/v2\/pages\/45\/revisions"}],"predecessor-version":[{"id":272,"href":"https:\/\/horusconsultoria.com\/blog\/wp-json\/wp\/v2\/pages\/45\/revisions\/272"}],"wp:attachment":[{"href":"https:\/\/horusconsultoria.com\/blog\/wp-json\/wp\/v2\/media?parent=45"}],"curies":[{"name":"wp","href":"https:\/\/api.w.org\/{rel}","templated":true}]}}